st common divisor of 9 and w.
9
Let j(n) = -21*n - 7. Suppose 4 = -0*m + m - 3*y, 4*m + 4*y + 32 = 0. Let o be j(m). Calculate the greatest common factor of 14 and o.
14
Let m(x) = -11*x + 3. Let d be m(-3). Let l(t) = 29*t**3 + t**2. Let k be l(1). Suppose -3*r = -6 - k. What is the greatest common factor of d and r?
12
Let j be (0 - -1 - 1) + 3. Suppose 0 = j*y - 64 - 14. Let m = -63 + 102. What is the highest common factor of y and m?
13
Let p(r) = r**2 - 10*r - 8. Let i be p(11). Let q be 1/i - 4744/(-24). What is the highest common factor of 33 and q?
33
Suppose -5 = 3*c - 14. Suppose -2*b + o + 68 = 0, 5*b + 26 = c*o + 195. What is the highest common divisor of b and 14?
7
Let m = 7 + 1. Calculate the greatest common factor of 4 and m.
4
Suppose 1 + 1 = 2*l + 4*r, 20 = 4*l + 4*r. Suppose -2*w + 13 = 3, -5*w + l = -h. What is the highest common factor of h and 40?
8
Suppose l + 90 = 3*l. Let d(r) = -r**3 + 7*r**2 - 5*r + 3. Let t be d(6). Calculate the highest common divisor of t and l.
9
Let q = 5 - 0. Suppose -19 = -s - o - 58, 3*s - 3*o = -93. Let t = -20 - s. Calculate the highest common factor of q and t.
5
Let x(h) = 9*h**2 + 2*h - 2. Let l be x(-2). Suppose -4*t + 3*y + 40 = 0, t = 3*y + y + 10. Calculate the highest common factor of t and l.
10
Let a be (6/15)/(2/120). Suppose 0 = 2*r - 24 - a. What is the greatest common divisor of 72 and r?
24
Suppose 3*m = -6 + 141. What is the greatest common factor of m and 15?
15
Let s = 122 - -102. Suppose -3*p - 3*w + 175 = 7, 2*w + s = 4*p. Let q = 21 + -13. What is the highest common factor of q and p?
8
Let u(f) = f + 18. Let l be u(9). What is the highest common divisor of 9 and l?
9
Suppose 3*s - 15 = -3*t - 0*t, -25 = -4*t + s. Let y(v) = -4*v + 4 + 7*v + 0*v - 2*v. Let n be y(-2). Calculate the greatest common factor of t and n.
2
Let w be 9*(3/4 - 2/24). Let a(s) = s**3 + 6*s**2 - 4*s. Let g be a(-6). What is the greatest common divisor of w and g?
6
Let q(p) = p**3 - 9*p**2 + 7*p + 10. Let i be q(8). Suppose i*w - 36 = -2*w. What is the greatest common factor of w and 36?
9
Let x(m) = m**2 + 4*m + 9. Let f be x(-12). Calculate the highest common divisor of f and 21.
21
Let m = 16 + -2. What is the highest common factor of 2 and m?
2
Suppose z = 4*a - 8, -3*a - 8 = z - a. Let s = -4 - z. Suppose -6 = -4*i - 2*t, 0 = i - 2*i + 3*t - 2. Calculate the highest common factor of s and i.
1
Let c = 47 + -22. What is the highest common divisor of 150 and c?
25
Suppose 20*k = 10*k + 640. Calculate the greatest common factor of 96 and k.
32
Let j = -217 + 232. Let d be (6/7)/(2/14). What is the highest common factor of j and d?
3
Let y = 64 - 19. Let c = -27 + y. What is the greatest common divisor of 27 and c?
9
Let y(b) = b**2 - 5*b + 6. Let j be y(-6). Suppose -t = 1 + 2, -15 = -f + 2*t. Calculate the highest common divisor of j and f.
9
Suppose -547 = -3*r + 5*g, -350 = 3*r - 5*r - 4*g. Let z = r + -125. What is the highest common factor of 6 and z?
6
Suppose -3*p = 11 + 4, 5*c - 2*p + 20 = 0. Let n be (10/c)/(3/(-9)). What is the greatest common factor of 2 and n?
1
Let x = 58 + -33. Let s = x + -14. What is the greatest common factor of s and 99?
11
Let m be 2/12 - (-33)/18. Suppose -6 = -m*q - q. Calculate the highest common factor of 4 and q.
2
Let h = 4 + -10. Let z be (-1)/3 + (-50)/h. Suppose -4*u = -131 - 125. What is the greatest common factor of u and z?
8
Let p(c) = -8*c - 4. Let l be p(-3). Let s = 62 - l. Calculate the highest common divisor of 28 and s.
14
Let z(f) = 12*f - 71. Let c be z(7). Calculate the highest common factor of 65 and c.
13
Suppose -2*p - n + 28 = 0, 2*p = -5*n + 61 - 17. Let c = 3 + -1. Let u = p - c. What is the highest common divisor of 20 and u?
10
Let d = -13 - -23. Let h = d + -7. Let r = -6 - -9. What is the highest common factor of r and h?
3
Let a be ((-108)/(-14))/(3/28). Calculate the highest common divisor of a and 54.
18
Suppose 4*r - 3*v - 36 = 0, 2*r - 2*v = -3*r + 52. Calculate the highest common factor of r and 6.
6
Let x(l) = l**3 - 5*l**2 - 4*l - 6. Let t be 3 + 2 - (-1 - 0). Let v be x(t). Let d be (4/3)/(2/v). What is the highest common divisor of 20 and d?
4
Suppose 0 = -4*m - 0*m + 4*i + 28, 2*m - 8 = -i. Calculate the highest common divisor of 45 and m.
5
Let a be 280/16*8/10. Calculate the greatest common factor of a and 154.
14
Suppose -3*m = 2*m - a - 71, -29 = -2*m + a. Suppose 0 = -3*x - 0*x + 378. Calculate the greatest common divisor of m and x.
14
Let v = -3 - -7. Suppose -6 = -5*f - 1. Let i be 12 + 1*f*-2. What is the greatest common factor of i and v?
2
Suppose 0 = 2*c + 5*j + 19, -j = 5*c - 2*j - 20. What is the highest common factor of 1 and c?
1
Let h = 1 + 1. Suppose 0*r - h*r = -5*a - 62, -40 = -r - 2*a. Suppose 0 = -m + 5*c + 4, m + 2*m - 2*c - 25 = 0. What is the highest common factor of r and m?
9
Let x = 202 - 125. What is the greatest common factor of 11 and x?
11
Suppose 60 = 4*c - m, 3*c - m = -4*m + 60. Calculate the greatest common divisor of c and 176.
16
Let o be ((-7)/(-21))/(1 + (-10)/12). What is the greatest common divisor of 8 and o?
2
Let a(o) = o + 3. Let y be (-1 + 1)/(2 + -4). Let i be a(y). Suppose -z + 0*z + 12 = -i*w, 0 = 2*z - 2*w - 44. What is the highest common divisor of z and 3?
3
Suppose -3*v = -3*a - 129, -7*v + 2*v - a + 245 = 0. Calculate the highest common divisor of 3 and v.
3
Suppose -4*q = -7*q + 39. Calculate the highest common factor of 39 and q.
13
Suppose 0 = g - 5*y + 3*y - 7, 5*y = 4*g - 22. Suppose -g*a = a - 32. Let b be 4/a - 59/(-2). What is the greatest common divisor of b and 6?
6
Let k(n) = -n**2 - 11*n + 2. Let t be k(-7). Calculate the highest common factor of 10 and t.
10
Suppose -5*b + 6 = -6*b. Let l = b - -16. Calculate the highest common factor of 30 and l.
10
Let y = 267 - -457. Let b(d) = d**2 - d. Let u be b(-2). Let x be 2/u - y/(-6). What is the highest common factor of x and 11?
11
Let q(s) = -2*s + 9. Let c be q(6). Let a be ((-9)/2)/c*40. Let k = -29 - -53. What is the greatest common factor of k and a?
12
Let w = -20 - -33. What is the greatest common divisor of w and 91?
13
Suppose h + 0 - 4 = 0. Suppose 0*s = -2*s + 12. What is the highest common divisor of h and s?
2
Suppose o - 5*o - 4*c = -196, 4*o - 4*c - 164 = 0. Let i(n) = -n**2 - 8*n - 6. Let f be i(-5). Calculate the highest common factor of f and o.
9
Suppose -11 = -4*y + 5. Let d be (y + -2 - -3) + -2. What is the highest common divisor of 3 and d?
3
Suppose 4*q - 61 - 79 = 0. Suppose -5*c + 70 = 5*c. What is the highest common factor of c and q?
7
Let j be (-2)/(-7) - 2250/(-14). Suppose -4*h - 106 = -5*y - 7*h, 84 = 3*y - 5*h. What is the highest common factor of j and y?
23
Suppose -3*j + 4 + 2 = 0. Suppose 0 = 4*q - j*q + 4*c + 8, -4*c - 24 = -2*q. Let p be (-116)/(-8) - 2/q. What is the greatest common factor of 35 and p?
7
Let n(o) = -o**2 + 35. Let a be n(0). Suppose 2*d - q - 14 + 3 = 0, 3*d - 33 = -4*q. What is the highest common factor of d and a?
7
Let i be ((-6)/(-9))/(2/6). Calculate the highest common factor of i and 8.
2
Let t(d) = -2*d + 30. Let k be t(0). Suppose -a + 20 = -2*a. Let o = a + k. What is the highest common factor of o and 90?
10
Suppose 0 = -2*y - 0*y. Suppose y - 48 = -4*o. What is the greatest common divisor of o and 8?
4
Suppose i - 28 = -i - 2*u, -2*u = -i + 23. Calculate the greatest common factor of i and 68.
17
Let v(q) = 2 - 1 - 2 + q**2 + q - 4*q. Let y be v(-6). Suppose -3*x = -37 - y. Calculate the highest common divisor of x and 45.
15
Let j(k) = 5*k**2 - 5*k - 12. Let u be j(5). What is the greatest common divisor of 22 and u?
22
Let m be (1 - (-1)/2)/(96/28672). Calculate the greatest common divisor of m and 64.
64
Suppose 5*t + 4*d - 104 = 0, -d + 20 = -0*t + t. Calculate the highest common factor of t and 16.
8
Let w(q) = -10*q + 16. Let d be w(-5). Calculate the greatest common divisor of d and 22.
22
Suppose -2*j = -3*j + 182. Suppose x - j = -x. Calculate the highest common factor of 13 and x.
13
Suppose -14 - 1 = 5*d, -4*d = s + 39. Let v = 50 + s. What is the greatest common divisor of 23 and v?
23
Let p be 2/7 - (-47)/7. Let k = p - -4. Calculate the greatest common factor of 88 and k.
11
Let g(w) = -w**3 - 6*w**2 + 5*w - 13. Let h 